j and 804?
12
Let q(c) = 9*c - 9. Let j(v) = 3*v - 3. Let m(k) = 8*j(k) - 3*q(k). Let p be m(-2). What is the highest common divisor of 72 and p?
9
Let o = 96 + -84. Let i be 668/o - 4/6. Suppose h + 5 = 0, 0 = -b + 2*b - 3*h - 37. What is the greatest common factor of b and i?
11
Let o be -1*(-3 - 41)/4. Suppose l - 18 = 5*j, -2*l - 1 = 3*j + 2. Suppose -d - 3*u = -l*d + 44, 0 = 2*u. Calculate the highest common factor of o and d.
11
Let z(v) = v**2 + 2*v + 40. Let w be z(14). What is the highest common divisor of w and 72?
24
Let j(a) = 3*a**2 - a. Let y be j(2). Suppose -7*z + y = -2*z. Suppose 3*k - o - 4 = z*k, -4*k + 5*o + 17 = 0. What is the greatest common factor of 9 and k?
3
Let j be (-1 + 0)/(4/(-8))*2. Suppose m - j = 4. Calculate the greatest common factor of m and 1.
1
Suppose 921 = 4*m - u, 696 = 4*m - 2*u - 222. Suppose 5*b + 5*f = 115, f = 5 - 3. What is the highest common factor of m and b?
21
Suppose -5*b + 5*j + 590 = -0*b, -2 = -2*j. Calculate the greatest common divisor of 34 and b.
17
Suppose -16 = 4*l - 8*l. Suppose -5*n + 3*n - l = 0. Let p be (n/(-4))/(1/120). Calculate the greatest common factor of p and 12.
12
Let g(c) = -16*c**2 - 3*c + 2. Let r be g(1). Let p = 35 + r. Calculate the greatest common divisor of 162 and p.
18
Suppose 25*h = 41*h - 400. Calculate the highest common factor of 1875 and h.
25
Suppose 3*u + 38 = l + 5, -38 = -l + 4*u. Suppose -3*r = -42 + l. Calculate the greatest common factor of r and 56.
8
Let i(h) = -h + 13. Let k be i(5). Let q be -2 + k/(-4) + 22. Calculate the highest common divisor of 36 and q.
18
Let u be -67*(-6)/78 + (-4)/26. Suppose 4*m + 6*l - 3*l = 67, -2*l - 78 = -u*m. What is the greatest common divisor of m and 4?
4
Suppose 9*u - 37 = 35. Let j be ((-2)/3)/((-3)/18). Suppose j*l - 32 = -0*l. What is the greatest common factor of l and u?
8
Let y be 30/55 - 1578/(-11). Calculate the greatest common factor of y and 16.
16
Let s(c) = 5*c**2 + 45*c + 4. Suppose -2*u - 117 = 11*u. Let j be s(u). Calculate the highest common factor of j and 8.
4
Let y(n) = 2*n - 46. Let d be y(25). What is the highest common divisor of d and 224?
4
Let t(s) = 3*s + 9. Let x be t(8). What is the greatest common divisor of x and 55?
11
Let a be (9/2)/((-1)/2). Let j be 641/a - 18/(-81). Let k be -3 - -2 - (j - 7). Calculate the greatest common divisor of 11 and k.
11
Let s(x) = -5*x + 14 - 14 - 47 - x. Let m be s(-9). What is the greatest common factor of 77 and m?
7
Let h = -14 + 0. Let s be (-2)/4 - h/4. Let z be -2 + 6 + -6 - -29. What is the highest common factor of z and s?
3
Let g be 59*1610/63 + (-2)/(-9). What is the highest common divisor of g and 13?
13
Let m = -107 - -16. Let g = 141 + m. Calculate the highest common factor of 30 and g.
10
Suppose 76*f - 77*f = -27. What is the greatest common divisor of 117 and f?
9
Let v = 17 - 29. Let f be v/8 - ((-177)/2 + 2). What is the highest common divisor of f and 34?
17
Let o be (-5)/(-2)*(-214)/(-5). Let g = -74 + o. Let v be (-1)/2*(1 + -23). Calculate the highest common divisor of v and g.
11
Suppose 0 = -3*h + g + 9, -5*g = 4*h - 1 + 8. Suppose 1 = 3*o - 2*r, -r + h = -2*o + 3*r. Suppose 2*j = 3 - 1. Calculate the greatest common divisor of o and j.
1
Let a(f) = -f**3 - 4 - 3*f + 20*f**2 + 3*f**3 - 23*f**2. Let n be a(3). Calculate the highest common factor of n and 56.
14
Let l be 1 + 0 - (-2 - 3). Let s(w) = -w**3 - 4*w**2 - 12*w - 37. Let h be s(-5). What is the greatest common divisor of l and h?
6
Suppose -700 = -12*a - 13*a. What is the greatest common divisor of 182 and a?
14
Suppose 1 = -u + 5. Let v be 0 + (-1)/((-1)/12). Let f be 3/v + 63/4. What is the greatest common factor of f and u?
4
Suppose -4*x + a + 1 = -133, 0 = 5*a + 10. Suppose -4*z - y + 3*y + 110 = 0, 0 = z + 5*y - x. Calculate the highest common divisor of 4 and z.
4
Let q(h) = h**3 + 35*h**2 + 62*h + 18. Let y be q(-33). What is the highest common factor of y and 225?
75
Suppose 0 = -2*y - 3*y + 35. What is the greatest common factor of y and 77?
7
Let a be 56 - (19 - 13)*(-1)/(-3). What is the greatest common factor of a and 486?
54
Let s be (-122)/(18/45*-5). Calculate the highest common factor of s and 1647.
61
Let z = -1669 + 1911. What is the highest common factor of 11 and z?
11
Let s(k) = k**2 - k - 9. Let a = 58 - 64. Let r be s(a). What is the greatest common divisor of 11 and r?
11
Let s = -18 + 24. Let b(x) = 2*x - 26. Let k be b(13). Suppose k = 4*c - 0*c - 24. Calculate the highest common factor of c and s.
6
Let h(n) = -n**2 + 39*n - 280. Let w be h(26). What is the highest common factor of 2 and w?
2
Let z = -323 + 85. Let n = 397 + z. Suppose -f - n = -3*p + 2*f, f = 5*p - 269. What is the greatest common divisor of 9 and p?
9
Let u be ((-2)/(-4))/((-221)/74 + 3). Let t be u + (1 - 3) - 4. Calculate the highest common factor of 31 and t.
31
Let n be (-550)/(-25) - (2 + 0). What is the greatest common divisor of 10 and n?
10
Suppose 4*t - 27 = -5*m + 53, 65 = 3*m - t. Let c be 3 + (m/2 - 3). Let s = c - -1. What is the greatest common factor of s and 11?
11
Let r be 12 + (-9)/(-3)*-1. Let m = 11 - r. Suppose 0 = 5*f - 15, m*o - 7 = 5*f - 2. Calculate the greatest common factor of 4 and o.
2
Let k be 3 - ((-3444)/147 - (-8)/(-14)). What is the greatest common factor of 3 and k?
3
Let l(d) = 2*d. Let c be l(4). Let g be (1 - (2 + -2))*3. Suppose 5*i + 6*b = g*b + 351, 297 = 4*i - 3*b. What is the highest common factor of i and c?
8
Let h be 60*((-3)/(-6) + 0). Let a(c) = c + 3. Let y be a(3). What is the greatest common factor of h and y?
6
Suppose 0 = -22*g + 26*g - 20. Let l be (0 - g/20)*-52. Calculate the greatest common divisor of l and 39.
13
Suppose 21*p - 126 = 19*p. Suppose 0 = -2*c + 5*c - 3*a - 30, 2*c - 5 = -3*a. Calculate the greatest common factor of c and p.
7
Let z = -51 + 68. Suppose 13*s + 192 = z*s. Calculate the greatest common divisor of 12 and s.
12
Suppose -5*x + 8*x - 999 = 0. Let i = 46 + -9. Calculate the greatest common divisor of x and i.
37
Let y = 139 - 137. Let v be ((-18)/45)/(y/(-140)). Calculate the greatest common divisor of v and 126.
14
Suppose 23*y = 19*y - 5*g + 372, -4*g = -16. Calculate the greatest common factor of 22 and y.
22
Suppose -607 = 3*c - 646. Calculate the greatest common factor of c and 52.
13
Suppose 3*g = -17*h + 19*h - 75, -5*h + g = -155. What is the highest common factor of 162 and h?
6
Suppose 4*m = 5*m - 112. Let d be (-9)/((-18)/(-8)) + 6*2. Let b be (12 - -1) + -5 + d. What is the greatest common factor of m and b?
16
Let t(p) = p**2 + 49*p + 197. Let c be t(-48). Calculate the highest common divisor of c and 1.
1
Suppose 3*j + 3 = 2*j, 3*l = 4*j + 21. What is the highest common divisor of 24 and l?
3
Let c(z) = -z**2 - 12*z + 440. Let t be c(-27). What is the highest common factor of 25 and t?
5
Let v(s) = s**2 - 7*s - 8. Let d be v(-6). Suppose y - 70 = d. Let q be (19 + 3 + -2)/1. Calculate the greatest common divisor of y and q.
20
Suppose 0*y + 705 = 3*y. Suppose 2*s - 5*w - 84 = 0, -42*s - 4*w = -41*s - 55. What is the greatest common factor of y and s?
47
Let o = -804 - -1054. Calculate the greatest common factor of 450 and o.
50
Let s = -425 + 452. What is the highest common factor of s and 153?
9
Suppose -820*x - 850 = -830*x. What is the greatest common divisor of 102 and x?
17
Let u(w) = -7*w + 37. Let s be u(13). Let q = 69 + s. What is the highest common divisor of q and 3?
3
Suppose 3 + 0 = 3*l + 4*x, -5*x = 0. Let w = -6 - -4. Let s(h) = 2*h**2 - 3*h - 3. Let o be s(w). What is the greatest common factor of l and o?
1
Let j be 18/(-10)*(69/9 + -21). What is the highest common divisor of 24 and j?
24
Suppose 0 = 4*i - 12, -w = w + 3*i - 41. Suppose -14*g - 48 = -w*g. What is the greatest common factor of 60 and g?
12
Suppose -25 = -2*r - 205*j + 204*j, 3*r = -4*j + 40. Suppose 3*y + y - 89 = 3*p, -43 = -2*y + p. Calculate the greatest common factor of r and y.
4
Let p(w) = w**2 + 3*w + 3. Let o be p(-3). Suppose 2*d - 6*d = 16. Let c(q) = q**3 + 5*q**2 - 7. Let s be c(d). What is the highest common divisor of s and o?
3
Suppose -4*x + 4 = -2*z - 8, -x + 13 = 2*z. Suppose t + 554 = x*l, -5*t + 436 = 4*l - 4*t. Calculate the highest common factor of l and 10.
10
Let c be